ainder when 548704 is divided by 83.
74
Calculate the remainder when 299131 is divided by 299117.
14
What is the remainder when 35758 is divided by 41?
6
What is the remainder when 76556 is divided by 2069?
3
What is the remainder when 1103 is divided by 11?
3
What is the remainder when 224654 is divided by 832?
14
What is the remainder when 8284 is divided by 1209?
1030
Calculate the remainder when 53356 is divided by 460.
456
What is the remainder when 2638 is divided by 25?
13
What is the remainder when 33144 is divided by 443?
362
What is the remainder when 12099 is divided by 100?
99
What is the remainder when 14662 is divided by 2788?
722
What is the remainder when 17490 is divided by 108?
102
Calculate the remainder when 153615 is divided by 23.
21
What is the remainder when 10457 is divided by 162?
89
Calculate the remainder when 194043 is divided by 985.
983
Calculate the remainder when 5010 is divided by 715.
5
What is the remainder when 46001 is divided by 187?
186
What is the remainder when 31723 is divided by 7928?
11
What is the remainder when 12916 is divided by 196?
176
Calculate the remainder when 17397 is divided by 2273.
1486
What is the remainder when 9398 is divided by 2403?
2189
What is the remainder when 15695 is divided by 3815?
435
What is the remainder when 6929 is divided by 44?
21
Calculate the remainder when 2606257 is divided by 35.
17
What is the remainder when 11867 is divided by 11628?
239
What is the remainder when 66781 is divided by 33378?
25
Calculate the remainder when 346325 is divided by 173133.
59
What is the remainder when 618392 is divided by 54?
38
Calculate the remainder when 28837 is divided by 142.
11
Calculate the remainder when 62396 is divided by 20.
16
What is the remainder when 5114 is divided by 1701?
11
Calculate the remainder when 1128653 is divided by 22.
9
Calculate the remainder when 12346 is divided by 327.
247
Calculate the remainder when 42852 is divided by 113.
25
What is the remainder when 178617 is divided by 78?
75
What is the remainder when 585087 is divided by 22?
19
Calculate the remainder when 442411 is divided by 24.
19
Calculate the remainder when 104202 is divided by 2171.
2165
What is the remainder when 19906 is divided by 43?
40
Calculate the remainder when 1794 is divided by 570.
84
Calculate the remainder when 1487 is divided by 1015.
472
Calculate the remainder when 8807 is divided by 260.
227
Calculate the remainder when 2320 is divided by 192.
16
What is the remainder when 150243 is divided by 102?
99
Calculate the remainder when 20250 is divided by 80.
10
What is the remainder when 7100 is divided by 15?
5
Calculate the remainder when 10184 is divided by 52.
44
What is the remainder when 9007 is divided by 282?
265
What is the remainder when 408 is divided by 129?
21
What is the remainder when 1764 is divided by 805?
154
What is the remainder when 1081 is divided by 65?
41
What is the remainder when 96696 is divided by 426?
420
Calculate the remainder when 9517 is divided by 3842.
1833
Calculate the remainder when 1213 is divided by 141.
85
Calculate the remainder when 29492 is divided by 17.
14
Calculate the remainder when 2551 is divided by 598.
159
What is the remainder when 451323 is divided by 114?
111
What is the remainder when 2170 is divided by 360?
10
Calculate the remainder when 109943 is divided by 54.
53
Calculate the remainder when 8983 is divided by 146.
77
Calculate the remainder when 10652 is divided by 173.
99
Calculate the remainder when 14862 is divided by 91.
29
What is the remainder when 54986 is divided by 2893?
19
What is the remainder when 318056 is divided by 54?
50
Calculate the remainder when 23930 is divided by 5971.
46
Calculate the remainder when 89683 is divided by 185.
143
What is the remainder when 385708 is divided by 115?
113
What is the remainder when 8048 is divided by 144?
128
What is the remainder when 290475 is divided by 4?
3
What is the remainder when 2066 is divided by 15?
11
What is the remainder when 47000 is divided by 416?
408
Calculate the remainder when 19237 is divided by 48.
37
Calculate the remainder when 354 is divided by 70.
4
What is the remainder when 26147 is divided by 50?
47
What is the remainder when 45677 is divided by 21?
2
What is the remainder when 7402 is divided by 308?
10
Calculate the remainder when 2085 is divided by 291.
48
What is the remainder when 10859 is divided by 680?
659
What is the remainder when 28138 is divided by 28110?
28
What is the remainder when 3496 is divided by 3410?
86
Calculate the remainder when 1941 is divided by 470.
61
Calculate the remainder when 6248 is divided by 182.
60
What is the remainder when 1057 is divided by 521?
15
What is the remainder when 5252 is divided by 86?
6
What is the remainder when 214893 is divided by 121?
118
Calculate the remainder when 60816 is divided by 47.
45
What is the remainder when 10970 is divided by 418?
102
What is the remainder when 1826 is divided by 982?
844
What is the remainder when 20219 is divided by 97?
43
Calculate the remainder when 850 is divided by 171.
166
What is the remainder when 44726 is divided by 18?
14
Calculate the remainder when 476957 is divided by 44.
41
What is the remainder when 1867 is divided by 929?
9
What is the remainder when 49171 is divided by 15?
1
Calculate the remainder when 6943 is divided by 1726.
39
Calculate the remainder when 29049 is divided by 29034.
15
What is the remainder when 410471 is divided by 23?
13
Calculate the remainder when 674 is divided by 376.
298
What is the remainder when 3908 is divided by 87?
80
Calculate the remainder when 5010 is divided by 13.
5
Calculate the remainder when 48076 is divided by 7.
0
What is the remainder when 85581 is divided by 186?
21
What is the remainder when 36983 is divided by 160?
23
Calculate the remainder when 11736 is divided by 1676.
4
What is the remainder when 89795 is divided by 20?
15
What is the remainder when 2883 is divided by 199?
97
Calculate the remainder when 1315 is divided by 181.
48
Calculate the remainder when 24014 is divided by 706.
10
What is the remainder when 6918 is divided by 102?
84
What is the remainder when 4912 is divided by 959?
117
What is the remainder when 1679 is divided by 43?
2
What is the remainder when 12057 is divided by 6024?
9
Calculate the remainder when 11925 is divided by 11898.
27
Calculate the remainder when 347421 is divided by 66.
63
What is the remainder when 5594 is divided by 369?
59
Calculate the remainder when 542957 is divided by 207.
203
What is the remainder when 1077 is divided by 167?
75
Calculate the remainder when 2829 is divided by 1325.
179
What is the remainder when 842890 is divided by 210716?
26
Calculate the remainder when 43184 is divided by 31.
1
Calculate the remainder when 37199 is divided by 418.
415
What is the remainder when 37842 is divided by 18892?
58
What is the remainder when 86981 is divided by 48?
5
What is the remainder when 258 is divided by 216?
42
What is the remainder when 63855 is divided by 20?
15
Calculate the remainder when 2326 is divided by 577.
18
What is the remainder when 97489 is divided by 451?
73
Calculate the remainder when 163582 is divided by 322.
6
Calculate the remainder when 7116 is divided by 246.
228
What is the remainder when 709018 is divided by 769?
0
Calculate the remainder when 58492 is divided by 29246.
0
What is the remainder when 34445 is divided by 11477?
14
Calculate the remainder when 75984 is divided by 39.
12
What is the remainder when 2195 is divided by 1491?
704
What is the remainder when 4199037 is divided by 243?
240
What is the remainder when 779718 is divided by 358?
352
What is the remainder when 2663111 is divided by 65?
61
What is the remainder when 7699 is divided by 845?
94
What is the remainder when 997496 is divided by 42?
38
What is the remainder when 1228271 is divided by 41?
34
What is the remainder when 4011675 is divided by 139?
135
What is the remainder when 8042 is divided by 85?
52
What is the remainder when 771 is divided by 37?
31
Calculate the remainder when 7906 is divided by 136.
18
What is the remainder when 7906 is divided by 1034?
668
What is the remainder when 285268 is divided by 581?
578
Calculat